{"id":16521,"date":"2023-09-21T10:34:11","date_gmt":"2023-09-21T07:34:11","guid":{"rendered":"https:\/\/dijitay.com.tr\/?page_id=16521"},"modified":"2023-09-21T10:40:04","modified_gmt":"2023-09-21T07:40:04","slug":"felsefemiz","status":"publish","type":"page","link":"https:\/\/kaptankardesler.com\/index.php\/felsefemiz\/","title":{"rendered":"Felsefemiz"},"content":{"rendered":"\t\t<div data-elementor-type=\"wp-page\" data-elementor-id=\"16521\" class=\"elementor elementor-16521\" data-elementor-post-type=\"page\">\n\t\t\t\t\t\t\t\t\t<section class=\"elementor-section elementor-top-section elementor-element elementor-element-1afde87 wd-section-stretch elementor-section-full_width elementor-section-height-min-height elementor-section-items-bottom elementor-section-height-default\" data-id=\"1afde87\" data-element_type=\"section\" data-settings=\"{&quot;background_background&quot;:&quot;video&quot;,&quot;background_video_link&quot;:&quot;https:\\\/\\\/kaptankardesler.com\\\/wp-content\\\/uploads\\\/2023\\\/09\\\/kaptan-kardesler-tekstil.mp4&quot;,&quot;background_play_on_mobile&quot;:&quot;yes&quot;}\">\n\t\t\t\t\t\t\t\t<div class=\"elementor-background-video-container\">\n\t\t\t\t\t\t\t\t\t\t\t\t\t<video class=\"elementor-background-video-hosted elementor-html5-video\" autoplay muted playsinline loop><\/video>\n\t\t\t\t\t\t\t\t\t\t\t<\/div>\n\t\t\t\t\t\t\t\t\t<div class=\"elementor-background-overlay\"><\/div>\n\t\t\t\t\t\t\t<div class=\"elementor-container elementor-column-gap-default\">\n\t\t\t\t\t<div class=\"elementor-column elementor-col-100 elementor-top-column elementor-element elementor-element-4ce4cad color-scheme-light\" data-id=\"4ce4cad\" data-element_type=\"column\">\n\t\t\t<div class=\"elementor-widget-wrap elementor-element-populated\">\n\t\t\t\t\t\t\t\t<section class=\"wd-negative-gap elementor-section elementor-inner-section elementor-element elementor-element-2442169 elementor-section-boxed elementor-section-height-default elementor-section-height-default wd-section-disabled\" data-id=\"2442169\" data-element_type=\"section\">\n\t\t\t\t\t\t<div class=\"elementor-container elementor-column-gap-default\">\n\t\t\t\t\t<div class=\"elementor-column elementor-col-100 elementor-inner-column elementor-element elementor-element-5f09242\" data-id=\"5f09242\" data-element_type=\"column\">\n\t\t\t<div class=\"elementor-widget-wrap elementor-element-populated\">\n\t\t\t\t\t\t\t\t<div class=\"elementor-element elementor-element-23a4569 elementor-widget elementor-widget-wd_title\" data-id=\"23a4569\" data-element_type=\"widget\" data-widget_type=\"wd_title.default\">\n\t\t\t\t<div class=\"elementor-widget-container\">\n\t\t\t\t\t<div class=\"title-wrapper set-mb-s reset-last-child wd-title-color-white wd-title-style-default wd-title-size-large text-center\">\n\n\t\t\t\t\t\t\t<div class=\"title-subtitle subtitle-color-white subtitle-style-default wd-fontsize-xs\">\n\t\t\t\t\tFelsefemiz\t\t\t\t<\/div>\n\t\t\t\n\t\t\t<div class=\"liner-continer\">\n\t\t\t\t<span class=\"woodmart-title-container title wd-fontsize-xxl wd-underline-colored\"><\/span> \n\t\t\t\t\t\t\t<\/div>\n\n\t\t\t\t\t<\/div>\n\t\t\t\t<\/div>\n\t\t\t\t<\/div>\n\t\t\t\t\t<\/div>\n\t\t<\/div>\n\t\t\t\t\t\t\t<\/div>\n\t\t<\/section>\n\t\t\t\t\t<\/div>\n\t\t<\/div>\n\t\t\t\t\t\t\t<\/div>\n\t\t<\/section>\n\t\t\t\t<section class=\"elementor-section elementor-top-section elementor-element elementor-element-1abf56f elementor-section-full_width elementor-section-height-default elementor-section-height-default wd-section-disabled\" data-id=\"1abf56f\" data-element_type=\"section\">\n\t\t\t\t\t\t<div class=\"elementor-container elementor-column-gap-default\">\n\t\t\t\t\t<div class=\"elementor-column elementor-col-50 elementor-top-column elementor-element elementor-element-4044d1c\" data-id=\"4044d1c\" data-element_type=\"column\">\n\t\t\t<div class=\"elementor-widget-wrap elementor-element-populated\">\n\t\t\t\t\t\t\t\t<div class=\"elementor-element elementor-element-93a6719 elementor-widget elementor-widget-heading\" data-id=\"93a6719\" data-element_type=\"widget\" data-widget_type=\"heading.default\">\n\t\t\t\t<div class=\"elementor-widget-container\">\n\t\t\t<style>\/*! elementor - v3.16.0 - 20-09-2023 *\/\n.elementor-heading-title{padding:0;margin:0;line-height:1}.elementor-widget-heading .elementor-heading-title[class*=elementor-size-]>a{color:inherit;font-size:inherit;line-height:inherit}.elementor-widget-heading .elementor-heading-title.elementor-size-small{font-size:15px}.elementor-widget-heading .elementor-heading-title.elementor-size-medium{font-size:19px}.elementor-widget-heading .elementor-heading-title.elementor-size-large{font-size:29px}.elementor-widget-heading .elementor-heading-title.elementor-size-xl{font-size:39px}.elementor-widget-heading .elementor-heading-title.elementor-size-xxl{font-size:59px}<\/style><h2 class=\"elementor-heading-title elementor-size-default\">Felsefe Anlay\u0131\u015f\u0131m\u0131z<\/h2>\t\t<\/div>\n\t\t\t\t<\/div>\n\t\t\t\t<div class=\"elementor-element elementor-element-d1253a0 color-scheme-inherit text-left elementor-widget elementor-widget-text-editor\" data-id=\"d1253a0\" data-element_type=\"widget\" data-widget_type=\"text-editor.default\">\n\t\t\t\t<div class=\"elementor-widget-container\">\n\t\t\t<style>\/*! elementor - v3.16.0 - 20-09-2023 *\/\n.elementor-widget-text-editor.elementor-drop-cap-view-stacked .elementor-drop-cap{background-color:#69727d;color:#fff}.elementor-widget-text-editor.elementor-drop-cap-view-framed .elementor-drop-cap{color:#69727d;border:3px solid;background-color:transparent}.elementor-widget-text-editor:not(.elementor-drop-cap-view-default) .elementor-drop-cap{margin-top:8px}.elementor-widget-text-editor:not(.elementor-drop-cap-view-default) .elementor-drop-cap-letter{width:1em;height:1em}.elementor-widget-text-editor .elementor-drop-cap{float:left;text-align:center;line-height:1;font-size:50px}.elementor-widget-text-editor .elementor-drop-cap-letter{display:inline-block}<\/style>\t\t\t\t<p>Kaptan Karde\u015fler Tekstil\u2026 <strong>De\u011fer verir, de\u011fer katar.<\/strong><\/p><p>Kaptan Karde\u015fler tekstil kalite, estetik ve g\u00fcvene dayal\u0131 hizmetleri; gelenek ve yenili\u011fin m\u00fckemmelce harmanlanmas\u0131 ile olu\u015fturulmu\u015f \u00fcr\u00fcnleri; \u00e7al\u0131\u015fanlar\u0131, i\u015f ortaklar\u0131, tedarik\u00e7ileri ve m\u00fc\u015fterilerinde fark\u0131ndal\u0131k, memnuniyet ve tutku olu\u015fturan tarz\u0131 ile d\u00fcnyan\u0131n lider haz\u0131r giyim firmalar\u0131 aras\u0131nda <strong>\u201cDE\u011eER VEREN, DE\u011eER KATAN\u201d<\/strong>\u00a0bir marka olarak yer almak \u00fczere kurulmu\u015ftur.<\/p>\t\t\t\t\t\t<\/div>\n\t\t\t\t<\/div>\n\t\t\t\t\t<\/div>\n\t\t<\/div>\n\t\t\t\t<div class=\"elementor-column elementor-col-50 elementor-top-column elementor-element elementor-element-351902f\" data-id=\"351902f\" data-element_type=\"column\">\n\t\t\t<div class=\"elementor-widget-wrap elementor-element-populated\">\n\t\t\t\t\t\t\t\t<div class=\"elementor-element elementor-element-e6ab7e0 elementor-widget elementor-widget-image\" data-id=\"e6ab7e0\" data-element_type=\"widget\" data-widget_type=\"image.default\">\n\t\t\t\t<div class=\"elementor-widget-container\">\n\t\t\t<style>\/*! elementor - v3.16.0 - 20-09-2023 *\/\n.elementor-widget-image{text-align:center}.elementor-widget-image a{display:inline-block}.elementor-widget-image a img[src$=\".svg\"]{width:48px}.elementor-widget-image img{vertical-align:middle;display:inline-block}<\/style>\t\t\t\t\t\t\t\t\t\t\t\t<img loading=\"lazy\" decoding=\"async\" width=\"1080\" height=\"1080\" src=\"https:\/\/kaptankardesler.com\/wp-content\/uploads\/2023\/09\/Sari-Gri-Modern-Giyim-Instagram-Gonderisi-1.jpg\" class=\"attachment-full size-full wp-image-16524\" alt=\"\" srcset=\"https:\/\/kaptankardesler.com\/wp-content\/uploads\/2023\/09\/Sari-Gri-Modern-Giyim-Instagram-Gonderisi-1.jpg 1080w, https:\/\/kaptankardesler.com\/wp-content\/uploads\/2023\/09\/Sari-Gri-Modern-Giyim-Instagram-Gonderisi-1-300x300.jpg 300w, https:\/\/kaptankardesler.com\/wp-content\/uploads\/2023\/09\/Sari-Gri-Modern-Giyim-Instagram-Gonderisi-1-800x800.jpg 800w, https:\/\/kaptankardesler.com\/wp-content\/uploads\/2023\/09\/Sari-Gri-Modern-Giyim-Instagram-Gonderisi-1-150x150.jpg 150w, https:\/\/kaptankardesler.com\/wp-content\/uploads\/2023\/09\/Sari-Gri-Modern-Giyim-Instagram-Gonderisi-1-768x768.jpg 768w\" sizes=\"auto, (max-width: 1080px) 100vw, 1080px\" \/>\t\t\t\t\t\t\t\t\t\t\t\t\t\t\t<\/div>\n\t\t\t\t<\/div>\n\t\t\t\t\t<\/div>\n\t\t<\/div>\n\t\t\t\t\t\t\t<\/div>\n\t\t<\/section>\n\t\t\t\t<section class=\"wd-negative-gap elementor-section elementor-top-section elementor-element elementor-element-65fd923 wd-section-stretch elementor-section-boxed elementor-section-height-default elementor-section-height-default\" data-id=\"65fd923\" data-element_type=\"section\" data-settings=\"{&quot;background_background&quot;:&quot;classic&quot;}\">\n\t\t\t\t\t\t<div class=\"elementor-container elementor-column-gap-default\">\n\t\t\t\t\t<div class=\"elementor-column elementor-col-100 elementor-top-column elementor-element elementor-element-fe41359\" data-id=\"fe41359\" data-element_type=\"column\">\n\t\t\t<div class=\"elementor-widget-wrap elementor-element-populated\">\n\t\t\t\t\t\t\t\t<div class=\"elementor-element elementor-element-1e7a5a8 elementor-widget elementor-widget-heading\" data-id=\"1e7a5a8\" data-element_type=\"widget\" data-widget_type=\"heading.default\">\n\t\t\t\t<div class=\"elementor-widget-container\">\n\t\t\t<h2 class=\"elementor-heading-title elementor-size-default\">kaptan karde\u015fler<\/h2>\t\t<\/div>\n\t\t\t\t<\/div>\n\t\t\t\t<div class=\"elementor-element elementor-element-8edf2ed color-scheme-inherit text-left elementor-widget elementor-widget-text-editor\" data-id=\"8edf2ed\" data-element_type=\"widget\" data-widget_type=\"text-editor.default\">\n\t\t\t\t<div class=\"elementor-widget-container\">\n\t\t\t\t\t\t\t<p>Kaptan Karde\u015fler Tekstil, <strong>g\u00fcven veren B\u0130R D\u00dcNYA MARKASI\u00a0<\/strong>olmak i\u00e7in k\u00fc\u00e7\u00fck, b\u00fcy\u00fck i\u015f demeden t\u00fcm \u00e7al\u0131\u015fmalar\u0131nda belli de\u011fer ve ilkeleri kendine rehber edinmi\u015ftir. Kaptan Karde\u015fler Tekstilin kendisi i\u00e7in belirlemi\u015f oldu\u011fu misyon ve vizyona ba\u011fl\u0131 olarak geli\u015fmesi, pozisyon ayr\u0131m\u0131 yapmadan t\u00fcm personelinin \u00e7al\u0131\u015fmalar\u0131n\u0131 bu de\u011fer ve ilkelere g\u00f6re ger\u00e7ekle\u015ftirmesine ba\u011fl\u0131d\u0131r. Kaptan Karde\u015fler Tekstil ailesinin her bir \u00fcyesinin en \u00f6nemli sorumlulu\u011fu budur.<\/p><p><strong>Kalite:<\/strong>\u00a0\u00dcr\u00fcn ve hizmet kalitesini daima y\u00fcksek tutmak i\u00e7in \u00e7al\u0131\u015f\u0131yoruz. Kalitenin devaml\u0131 art\u0131r\u0131lmas\u0131 i\u00e7in ayn\u0131 alanda faaliyet g\u00f6steren lider uluslararas\u0131 firmalar\u0131n kalite standartlar\u0131 ile k\u0131yaslama yaparak ve uluslararas\u0131 akredite kalite kurulu\u015flar\u0131n\u0131n tescillerini alarak \u00e7al\u0131\u015fmalar\u0131m\u0131z\u0131 y\u00fcr\u00fct\u00fcyoruz.<\/p><p><strong>Estetik:<\/strong>\u00a0Farkl\u0131 zevk, tarz ve talepler i\u00e7in \u00fcr\u00fcn ve hizmetlerin \u00fcretiminde esteti\u011fe, detaylara, rahatl\u0131k ve konfora, \u015f\u0131kl\u0131\u011fa \u00f6nem veriyoruz ve dolay\u0131s\u0131yla m\u00fckemmeliyet\u00e7i bir anlay\u0131\u015fa sahibiz.<\/p><p><strong>Verimlilik &amp; \u00dcretkenlik:<\/strong>\u00a0Verimli ve \u00fcretken bir firma olmay\u0131 hedefliyoruz. Bundan dolay\u0131 da \u00e7al\u0131\u015fanlar\u0131m\u0131z\u0131n \u00f6\u011frenmede ve kendini geli\u015ftirmede istekli ve kararl\u0131 olmas\u0131, s\u00fcrd\u00fcr\u00fclebilir bir \u015fekilde y\u00fcksek kalite ve verimlilikte \u00e7al\u0131\u015fabilmesi i\u00e7in gerekli \u00e7al\u0131\u015fmalar\u0131 b\u00fcy\u00fck bir titizlikle takip ediyoruz.<\/p><p><strong>Profesyonellik:\u00a0<\/strong>\u00c7al\u0131\u015fmalar\u0131m\u0131z\u0131 gerekli ara\u015ft\u0131rma, geli\u015ftirme (Ar-Ge) ve planlama faaliyetlerine dayal\u0131 olarak, en \u00fcst d\u00fczeyde teknolojik ve bili\u015fim altyap\u0131s\u0131n\u0131 kullanarak ve gerekli e\u011fitim ve uzmanl\u0131\u011fa sahip personelle y\u00fcr\u00fctmeye \u00e7al\u0131\u015f\u0131yor, dolay\u0131s\u0131yla \u00fcr\u00fcn ve hizmetlerin \u00fcretilmesinde profesyonelli\u011fi ar\u0131yoruz.<\/p><p><strong>Sayg\u0131:<\/strong> Sayg\u0131, ho\u015fg\u00f6r\u00fc ve zarafetin insan olman\u0131n en \u00f6nemli vas\u0131flar\u0131 aras\u0131nda yer ald\u0131\u011f\u0131na inan\u0131yor ve insan\u0131 merkeze alan bir anlay\u0131\u015fla \u00e7al\u0131\u015f\u0131yoruz. Bu nedenle Kaptan Karde\u015fler Tekstil olarak ba\u015flang\u0131\u00e7ta t\u00fcm \u00e7al\u0131\u015fanlar\u0131m\u0131z, m\u00fc\u015fterilerimiz ve i\u015f ortaklar\u0131m\u0131zla, sonras\u0131nda \u00e7evre ve di\u011fer t\u00fcm varl\u0131klarla olan ili\u015fkilerimizde sayg\u0131, ho\u015fg\u00f6r\u00fc ve zarafete, hak ve hukukun korunmas\u0131na dikkat ediyoruz.<\/p><p><strong>D\u00fcr\u00fcstl\u00fck &amp; G\u00fcven:<\/strong>\u00a0D\u00fcr\u00fcstl\u00fck ve g\u00fcvene \u00e7ok \u00f6nem veriyor, her i\u015fimizin ve i\u015f ili\u015fkimizin d\u00fcr\u00fcstl\u00fck temelli olmas\u0131 ve g\u00fcven art\u0131r\u0131c\u0131 \u015fekilde sonu\u00e7lanmas\u0131 i\u00e7in \u00e7al\u0131\u015f\u0131yoruz. M\u00fc\u015fteri, \u00e7al\u0131\u015fan, tedarik\u00e7i ve i\u015f ortaklar\u0131m\u0131z\u0131n kar\u015f\u0131l\u0131kl\u0131 d\u00fcr\u00fcstl\u00fck ve g\u00fcvene dayal\u0131 bir i\u015f ili\u015fkisi i\u00e7erisinde \u00e7al\u0131\u015fmas\u0131n\u0131 hedefliyor, g\u00fcven duyulan ve sahiplenilen bir firma olarak kalmaya \u00f6zen g\u00f6steriyoruz.<\/p><p><strong>Memnuniyet:<\/strong> M\u00fc\u015fterilerimizin, \u00e7al\u0131\u015fanlar\u0131m\u0131z\u0131n, tedarik\u00e7i ve i\u015f ortaklar\u0131m\u0131z\u0131n Kaptan Karde\u015fler Tekstil ailesinin bir \u00fcyesi ve par\u00e7as\u0131 olmaktan dolay\u0131 memnun oldu\u011fu bir firma olma yolunda ilerliyoruz.<\/p><p><strong>Pozitif D\u00fc\u015f\u00fcnce:<\/strong>\u00a0Hi\u00e7bir problemin \u00e7\u0131kmad\u0131\u011f\u0131 bir d\u00fcnyan\u0131n ger\u00e7ek\u00e7i olmad\u0131\u011f\u0131na, ancak do\u011fru bak\u0131\u015f a\u00e7\u0131s\u0131, strateji, y\u00f6ntem ve kaynaklarla daha fazla problemi \u00e7\u00f6zebilece\u011fimize inan\u0131yoruz. Bu nedenle Kaptan Karde\u015fler Tekstil olarak t\u00fcm \u00e7al\u0131\u015fmalar\u0131m\u0131zda pozitif d\u00fc\u015f\u00fcnceyi rehber ediniyor, daha kaliteli ve kusursuz hizmet vermek i\u00e7in sonu\u00e7 ve problem \u00e7\u00f6zme odakl\u0131 olarak \u00e7al\u0131\u015f\u0131yoruz.<\/p><p><strong>Yasall\u0131k &amp; Etik:\u00a0<\/strong>\u00c7al\u0131\u015fmalar\u0131m\u0131z\u0131 ilgili t\u00fcm ulusal ve uluslararas\u0131 yasal ve ge\u00e7erli olan kanun ve kurallara, \u00e7evre ve sosyal uygunluk kriterlerine, \u0130\u015f Sa\u011fl\u0131\u011f\u0131 ve G\u00fcvenli\u011fi mevzuat\u0131na ve etik kurallara ba\u011fl\u0131 olarak y\u00fcr\u00fctmede azami \u00f6nem ve dikkati g\u00f6steriyoruz.<\/p><p><strong>Tak\u0131m Ruhu &amp; Dayan\u0131\u015fma:<\/strong>\u00a0Kaptan Karde\u015fler Tekstilin farkl\u0131 birimlerinde g\u00f6rev yapan t\u00fcm \u00e7al\u0131\u015fanlar\u0131n\u0131n ortak ideal ve hedefler pe\u015finde y\u00fcr\u00fcyen, etkili ve uygun ileti\u015fim i\u00e7inde, tak\u0131m ruhu, i\u015f birli\u011fi ve dayan\u0131\u015fma ile ba\u015far\u0131ya ko\u015fan bir aile olma \u015fuurunda faaliyetlerini y\u00fcr\u00fctmesine \u00e7ok b\u00fcy\u00fck \u00f6nem vermekteyiz.<\/p>\t\t\t\t\t\t<\/div>\n\t\t\t\t<\/div>\n\t\t\t\t\t<\/div>\n\t\t<\/div>\n\t\t\t\t\t\t\t<\/div>\n\t\t<\/section>\n\t\t\t\t\t\t\t<\/div>\n\t\t","protected":false},"excerpt":{"rendered":"<p>Felsefemiz Felsefe Anlay\u0131\u015f\u0131m\u0131z Kaptan Karde\u015fler Tekstil\u2026 De\u011fer verir, de\u011fer katar. Kaptan Karde\u015fler tekstil kalite, estetik ve g\u00fcvene dayal\u0131 hizmetleri; gelenek<\/p>\n","protected":false},"author":1,"featured_media":0,"parent":0,"menu_order":0,"comment_status":"closed","ping_status":"closed","template":"","meta":{"footnotes":""},"class_list":["post-16521","page","type-page","status-publish","hentry"],"_links":{"self":[{"href":"https:\/\/kaptankardesler.com\/index.php\/wp-json\/wp\/v2\/pages\/16521","targetHints":{"allow":["GET"]}}],"collection":[{"href":"https:\/\/kaptankardesler.com\/index.php\/wp-json\/wp\/v2\/pages"}],"about":[{"href":"https:\/\/kaptankardesler.com\/index.php\/wp-json\/wp\/v2\/types\/page"}],"author":[{"embeddable":true,"href":"https:\/\/kaptankardesler.com\/index.php\/wp-json\/wp\/v2\/users\/1"}],"replies":[{"embeddable":true,"href":"https:\/\/kaptankardesler.com\/index.php\/wp-json\/wp\/v2\/comments?post=16521"}],"version-history":[{"count":19,"href":"https:\/\/kaptankardesler.com\/index.php\/wp-json\/wp\/v2\/pages\/16521\/revisions"}],"predecessor-version":[{"id":16542,"href":"https:\/\/kaptankardesler.com\/index.php\/wp-json\/wp\/v2\/pages\/16521\/revisions\/16542"}],"wp:attachment":[{"href":"https:\/\/kaptankardesler.com\/index.php\/wp-json\/wp\/v2\/media?parent=16521"}],"curies":[{"name":"wp","href":"https:\/\/api.w.org\/{rel}","templated":true}]}}